{"id":336,"date":"2020-02-18T18:46:06","date_gmt":"2020-02-18T17:46:06","guid":{"rendered":"http:\/\/lenefauerby.dk\/?page_id=336"},"modified":"2020-03-29T15:07:28","modified_gmt":"2020-03-29T13:07:28","slug":"romaner-for-voksne","status":"publish","type":"page","link":"http:\/\/lenefauerby.dk\/?page_id=336","title":{"rendered":"Romaner for voksne"},"content":{"rendered":"\t\t<div data-elementor-type=\"wp-page\" data-elementor-id=\"336\" class=\"elementor elementor-336\">\n\t\t\t\t\t\t<section class=\"elementor-section elementor-top-section elementor-element elementor-element-22099e4 elementor-section-boxed elementor-section-height-default elementor-section-height-default\" data-id=\"22099e4\" data-element_type=\"section\">\n\t\t\t\t\t\t<div class=\"elementor-container elementor-column-gap-default\">\n\t\t\t\t\t<div class=\"elementor-column elementor-col-100 elementor-top-column elementor-element elementor-element-81e32fa\" data-id=\"81e32fa\" data-element_type=\"column\">\n\t\t\t<div class=\"elementor-widget-wrap elementor-element-populated\">\n\t\t\t\t\t\t<div class=\"elementor-element elementor-element-9fe1f9c elementor-widget-divider--view-line_text elementor-widget-divider--element-align-center elementor-widget elementor-widget-divider\" data-id=\"9fe1f9c\" data-element_type=\"widget\" data-widget_type=\"divider.default\">\n\t\t\t\t<div class=\"elementor-widget-container\">\n\t\t\t\t\t\t\t<div class=\"elementor-divider\">\n\t\t\t<span class=\"elementor-divider-separator\">\n\t\t\t\t\t\t\t<span class=\"elementor-divider__text elementor-divider__element\">\n\t\t\t\tRomaner for voksne\t\t\t\t<\/span>\n\t\t\t\t\t\t<\/span>\n\t\t<\/div>\n\t\t\t\t\t\t<\/div>\n\t\t\t\t<\/div>\n\t\t\t\t\t<\/div>\n\t\t<\/div>\n\t\t\t\t\t<\/div>\n\t\t<\/section>\n\t\t\t\t<section class=\"elementor-section elementor-top-section elementor-element elementor-element-d710210 elementor-section-boxed elementor-section-height-default elementor-section-height-default\" data-id=\"d710210\" data-element_type=\"section\">\n\t\t\t\t\t\t<div class=\"elementor-container elementor-column-gap-default\">\n\t\t\t\t\t<div class=\"elementor-column elementor-col-100 elementor-top-column elementor-element elementor-element-c4f8150\" data-id=\"c4f8150\" data-element_type=\"column\">\n\t\t\t<div class=\"elementor-widget-wrap elementor-element-populated\">\n\t\t\t\t\t\t<div class=\"elementor-element elementor-element-90d7250 elementor-widget elementor-widget-spacer\" data-id=\"90d7250\" data-element_type=\"widget\" data-widget_type=\"spacer.default\">\n\t\t\t\t<div class=\"elementor-widget-container\">\n\t\t\t\t\t\t\t<div class=\"elementor-spacer\">\n\t\t\t<div class=\"elementor-spacer-inner\"><\/div>\n\t\t<\/div>\n\t\t\t\t\t\t<\/div>\n\t\t\t\t<\/div>\n\t\t\t\t\t<\/div>\n\t\t<\/div>\n\t\t\t\t\t<\/div>\n\t\t<\/section>\n\t\t\t\t<section class=\"elementor-section elementor-top-section elementor-element elementor-element-afdfe78 elementor-section-boxed elementor-section-height-default elementor-section-height-default\" data-id=\"afdfe78\" data-element_type=\"section\">\n\t\t\t\t\t\t<div class=\"elementor-container elementor-column-gap-default\">\n\t\t\t\t\t<div class=\"elementor-column elementor-col-50 elementor-top-column elementor-element elementor-element-44ece03\" data-id=\"44ece03\" data-element_type=\"column\">\n\t\t\t<div class=\"elementor-widget-wrap elementor-element-populated\">\n\t\t\t\t\t\t<div class=\"elementor-element elementor-element-de9da06 elementor-widget elementor-widget-image\" data-id=\"de9da06\" data-element_type=\"widget\" data-widget_type=\"image.default\">\n\t\t\t\t<div class=\"elementor-widget-container\">\n\t\t\t\t\t\t\t\t\t\t\t\t\t\t\t<img decoding=\"async\" src=\"http:\/\/lenefauerby.dk\/wp-content\/uploads\/elementor\/thumbs\/ODcwOTcwLWJhc2lzOjUyOTIzNjYy-ona48zh26noirlhixvv9nd54dhs8qb41xu38u9tbeo.jpg\" title=\"ODcwOTcwLWJhc2lzOjUyOTIzNjYy\" alt=\"ODcwOTcwLWJhc2lzOjUyOTIzNjYy\" loading=\"lazy\" \/>\t\t\t\t\t\t\t\t\t\t\t\t\t\t\t<\/div>\n\t\t\t\t<\/div>\n\t\t\t\t\t<\/div>\n\t\t<\/div>\n\t\t\t\t<div class=\"elementor-column elementor-col-50 elementor-top-column elementor-element elementor-element-f60080d\" data-id=\"f60080d\" data-element_type=\"column\">\n\t\t\t<div class=\"elementor-widget-wrap elementor-element-populated\">\n\t\t\t\t\t\t<div class=\"elementor-element elementor-element-b9038b2 elementor-widget elementor-widget-text-editor\" data-id=\"b9038b2\" data-element_type=\"widget\" data-widget_type=\"text-editor.default\">\n\t\t\t\t<div class=\"elementor-widget-container\">\n\t\t\t\t\t\t\t\t\t<p>Kasper og hans venner har aftalt deres livs vandretur p\u00e5 en\u00a0stor gletscher i det \u00f8de \u00d8stgr\u00f8nland. F\u00e5 uger inden melder \u00e9n af vennerne fra. Nu er gode r\u00e5d dyre. Man s\u00f8ger et nyt medlem til turen og en pige, Rosa, melder sig.<\/p><p>Men noget er galt. Hvem er Rosa? Og hvorfor er det s\u00e5 vigtigt for hende at komme med ind p\u00e5 den farlige gletscher?<\/p><p>En dramatisk historie i mange lag og ogs\u00e5 lidt k\u00e6rlighed.<\/p><p>\u00a0<\/p>\t\t\t\t\t\t\t\t<\/div>\n\t\t\t\t<\/div>\n\t\t\t\t\t<\/div>\n\t\t<\/div>\n\t\t\t\t\t<\/div>\n\t\t<\/section>\n\t\t\t\t<section class=\"elementor-section elementor-top-section elementor-element elementor-element-11bbaf7 elementor-section-boxed elementor-section-height-default elementor-section-height-default\" data-id=\"11bbaf7\" data-element_type=\"section\">\n\t\t\t\t\t\t<div class=\"elementor-container elementor-column-gap-default\">\n\t\t\t\t\t<div class=\"elementor-column elementor-col-100 elementor-top-column elementor-element elementor-element-3358882\" data-id=\"3358882\" data-element_type=\"column\">\n\t\t\t<div class=\"elementor-widget-wrap elementor-element-populated\">\n\t\t\t\t\t\t<div class=\"elementor-element elementor-element-80b794c elementor-widget elementor-widget-text-editor\" data-id=\"80b794c\" data-element_type=\"widget\" data-widget_type=\"text-editor.default\">\n\t\t\t\t<div class=\"elementor-widget-container\">\n\t\t\t\t\t\t\t\t\t<p>Anmeldelse:<\/p><p>Endnu en ny og udm\u00e6rket udgivelse fra letl\u00e6sningserien for voksne\u00a0<i>L\u00e6selyst<\/i>. Historien fort\u00e6lles gennem Kasper, som er en ung mand, der sammen med tre andre veltr\u00e6nede kammerater har planlagt en vanskelig vandretur p\u00e5 en stor gletscher p\u00e5 Gr\u00f8nland. Da en af de unge m\u00e6nd i sidste \u00f8jeblik m\u00e5 springe fra, bliver en ny ung pige, Rosa, optaget i gruppen. Undervejs p\u00e5 turen bliver Kasper langsomt klar over sine varme f\u00f8lelser for Rosa. Samtidig sker der det, at hun i forbindelse med en dramatisk faldulykke m\u00e5 afsl\u00f8re, hvorledes hendes for\u00e6ldre er omkommet i en dyb spalte i gletcheren. En sprogligt letl\u00e6st fort\u00e6lling med et overskueligt antal personer og en enkel milj\u00f8beskrivelse. Fort\u00e6llingen rummer b\u00e5de en sp\u00e6ndende handling og en fin beskrivelse af de forskellige typer af unge m\u00e6nd i gruppen, deres forhold til hinanden og til Rosa. En relevant udgivelse som vil v\u00e6re velegnet til unge og voksne, som er svage l\u00e6sere eller fremmedsprogede. Bogen vil kunne bruges b\u00e5de til fritidsl\u00e6sning og i undervisningssammenh\u00e6nge<\/p>\t\t\t\t\t\t\t\t<\/div>\n\t\t\t\t<\/div>\n\t\t\t\t\t<\/div>\n\t\t<\/div>\n\t\t\t\t\t<\/div>\n\t\t<\/section>\n\t\t\t\t<section class=\"elementor-section elementor-top-section elementor-element elementor-element-50f0660 elementor-section-boxed elementor-section-height-default elementor-section-height-default\" data-id=\"50f0660\" data-element_type=\"section\">\n\t\t\t\t\t\t<div class=\"elementor-container elementor-column-gap-default\">\n\t\t\t\t\t<div class=\"elementor-column elementor-col-100 elementor-top-column elementor-element elementor-element-52372e9\" data-id=\"52372e9\" data-element_type=\"column\">\n\t\t\t<div class=\"elementor-widget-wrap elementor-element-populated\">\n\t\t\t\t\t\t<div class=\"elementor-element elementor-element-19347c3 elementor-widget elementor-widget-spacer\" data-id=\"19347c3\" data-element_type=\"widget\" data-widget_type=\"spacer.default\">\n\t\t\t\t<div class=\"elementor-widget-container\">\n\t\t\t\t\t\t\t<div class=\"elementor-spacer\">\n\t\t\t<div class=\"elementor-spacer-inner\"><\/div>\n\t\t<\/div>\n\t\t\t\t\t\t<\/div>\n\t\t\t\t<\/div>\n\t\t\t\t\t<\/div>\n\t\t<\/div>\n\t\t\t\t\t<\/div>\n\t\t<\/section>\n\t\t\t\t<section class=\"elementor-section elementor-top-section elementor-element elementor-element-ba472e3 elementor-section-boxed elementor-section-height-default elementor-section-height-default\" data-id=\"ba472e3\" data-element_type=\"section\">\n\t\t\t\t\t\t<div class=\"elementor-container elementor-column-gap-default\">\n\t\t\t\t\t<div class=\"elementor-column elementor-col-50 elementor-top-column elementor-element elementor-element-794a7ef\" data-id=\"794a7ef\" data-element_type=\"column\">\n\t\t\t<div class=\"elementor-widget-wrap elementor-element-populated\">\n\t\t\t\t\t\t<div class=\"elementor-element elementor-element-9884e86 elementor-widget elementor-widget-image\" data-id=\"9884e86\" data-element_type=\"widget\" data-widget_type=\"image.default\">\n\t\t\t\t<div class=\"elementor-widget-container\">\n\t\t\t\t\t\t\t\t\t\t\t\t\t\t\t<img decoding=\"async\" src=\"http:\/\/lenefauerby.dk\/wp-content\/uploads\/elementor\/thumbs\/6028106-1-ombj7bm06s7c09gayz3fvgeel0201z7uj7a3hhc9hc.jpg\" title=\"6028106\" alt=\"6028106\" loading=\"lazy\" \/>\t\t\t\t\t\t\t\t\t\t\t\t\t\t\t<\/div>\n\t\t\t\t<\/div>\n\t\t\t\t\t<\/div>\n\t\t<\/div>\n\t\t\t\t<div class=\"elementor-column elementor-col-50 elementor-top-column elementor-element elementor-element-e86ad08\" data-id=\"e86ad08\" data-element_type=\"column\">\n\t\t\t<div class=\"elementor-widget-wrap elementor-element-populated\">\n\t\t\t\t\t\t<div class=\"elementor-element elementor-element-c4b3016 elementor-widget elementor-widget-text-editor\" data-id=\"c4b3016\" data-element_type=\"widget\" data-widget_type=\"text-editor.default\">\n\t\t\t\t<div class=\"elementor-widget-container\">\n\t\t\t\t\t\t\t\t\t<p><strong>Det forsvundne barn.\u00a0<\/strong>Nyt dansk Litteraturselskab.<\/p><p>I serien L\u00e6selyst.<\/p><p>P\u00e5 Valby station kommer Linda v\u00e6k fra sin lille s\u00f8n Tim, og han forsvinder sporl\u00f8st. Politiet s\u00e6tter straks en efters\u00f8gning i gang. De har brug for at vide, hvem Tims far er. Men Linda har slet ikke lyst til at fort\u00e6lle om de fortryllede n\u00e6tter i Caribien. Og hvad har faren med sagen at g\u00f8re? For det kan da vel ikke v\u00e6re ham, der har stj\u00e5let Tim? Og hvem er den h\u00e6ttekl\u00e6dte person,\u00a0der m\u00e5ske har tage den k\u00f8nne lille\u00a0dreng?<\/p>\t\t\t\t\t\t\t\t<\/div>\n\t\t\t\t<\/div>\n\t\t\t\t\t<\/div>\n\t\t<\/div>\n\t\t\t\t\t<\/div>\n\t\t<\/section>\n\t\t\t\t<\/div>\n\t\t","protected":false},"excerpt":{"rendered":"<p>Romaner for voksne Kasper og hans venner har aftalt deres livs vandretur p\u00e5 en\u00a0stor gletscher i det \u00f8de \u00d8stgr\u00f8nland. F\u00e5 uger inden melder \u00e9n af vennerne fra. Nu er gode r\u00e5d dyre. Man s\u00f8ger et<span class=\"more-button\"><a href=\"http:\/\/lenefauerby.dk\/?page_id=336\" class=\"more-link\">Continue reading<span class=\"screen-reader-text\">Romaner for voksne<\/span><i class=\"fa fa-angle-right\" aria-hidden=\"true\"><\/i><\/a><\/span><\/p>\n","protected":false},"author":2,"featured_media":0,"parent":0,"menu_order":0,"comment_status":"closed","ping_status":"closed","template":"elementor_header_footer","meta":{"footnotes":""},"_links":{"self":[{"href":"http:\/\/lenefauerby.dk\/index.php?rest_route=\/wp\/v2\/pages\/336"}],"collection":[{"href":"http:\/\/lenefauerby.dk\/index.php?rest_route=\/wp\/v2\/pages"}],"about":[{"href":"http:\/\/lenefauerby.dk\/index.php?rest_route=\/wp\/v2\/types\/page"}],"author":[{"embeddable":true,"href":"http:\/\/lenefauerby.dk\/index.php?rest_route=\/wp\/v2\/users\/2"}],"replies":[{"embeddable":true,"href":"http:\/\/lenefauerby.dk\/index.php?rest_route=%2Fwp%2Fv2%2Fcomments&post=336"}],"version-history":[{"count":8,"href":"http:\/\/lenefauerby.dk\/index.php?rest_route=\/wp\/v2\/pages\/336\/revisions"}],"predecessor-version":[{"id":660,"href":"http:\/\/lenefauerby.dk\/index.php?rest_route=\/wp\/v2\/pages\/336\/revisions\/660"}],"wp:attachment":[{"href":"http:\/\/lenefauerby.dk\/index.php?rest_route=%2Fwp%2Fv2%2Fmedia&parent=336"}],"curies":[{"name":"wp","href":"https:\/\/api.w.org\/{rel}","templated":true}]}}